3
List the prime factors of 157880267.
157880267
List the prime factors of 541779904.
2, 23, 41, 47, 191
List the prime factors of 6119849987.
37, 3793, 43607
What are the prime factors of 83651718?
2, 3, 19, 29, 25303
What are the prime factors of 784129214?
2, 11, 109, 326993
What are the prime factors of 32489581?
31, 1048051
What are the prime factors of 1559986395?
3, 5, 11, 9454463
List the prime factors of 1613041786.
2, 31, 47, 553549
What are the prime factors of 39628656?
2, 3, 91733
What are the prime factors of 32759112?
2, 3, 1364963
What are the prime factors of 2745837358?
2, 11, 9521, 13109
List the prime factors of 3229416869.
7, 37, 12468791
What are the prime factors of 401612661?
3, 550909
What are the prime factors of 106245166?
2, 53122583
What are the prime factors of 398800237?
11, 233, 155599
List the prime factors of 4404261257.
11, 53, 443, 17053
What are the prime factors of 2319427933?
41, 101, 560113
What are the prime factors of 39222729?
3, 7, 13, 83, 577
What are the prime factors of 1605540691?
23, 69806117
List the prime factors of 255090289.
31, 79, 104161
What are the prime factors of 7189267348?
2, 19, 137, 36341
What are the prime factors of 796410807?
3, 53, 5008873
List the prime factors of 61830816.
2, 3, 67, 9613
List the prime factors of 7005104123.
439, 15956957
What are the prime factors of 203414759?
203414759
What are the prime factors of 2170504076?
2, 13, 41740463
List the prime factors of 27269360.
2, 5, 17, 20051
List the prime factors of 346760658.
2, 3, 73, 163, 1619
List the prime factors of 590517880.
2, 5, 14762947
What are the prime factors of 42578978?
2, 13, 271, 6043
What are the prime factors of 151356112?
2, 571, 16567
What are the prime factors of 2488900219?
13, 23, 89, 93529
What are the prime factors of 26840211?
3, 8946737
What are the prime factors of 110164405?
5, 13, 1694837
What are the prime factors of 45958639?
3541, 12979
What are the prime factors of 918803187?
3, 102089243
What are the prime factors of 332186488?
2, 1753, 23687
What are the prime factors of 1798410369?
3, 7, 733, 116833
What are the prime factors of 377151854?
2, 313, 602479
What are the prime factors of 31817669?
13, 29, 37, 2281
What are the prime factors of 276344125?
5, 227, 9739
What are the prime factors of 25765361?
2713, 9497
What are the prime factors of 3428814637?
907, 3780391
List the prime factors of 2394076597.
11, 269, 73553
What are the prime factors of 66266163?
3, 7362907
List the prime factors of 6614487337.
43151, 153287
What are the prime factors of 1394905177?
1394905177
List the prime factors of 137390613.
3, 45796871
List the prime factors of 1343295444.
2, 3, 139, 805333
What are the prime factors of 118566984?
2, 3, 4940291
What are the prime factors of 6793608?
2, 3, 17, 16651
List the prime factors of 125681729.
23, 5464423
List the prime factors of 2310205301.
2310205301
What are the prime factors of 38981799?
3, 17, 254783
List the prime factors of 722178311.
23, 31399057
List the prime factors of 174154332.
2, 3, 11, 277, 433
What are the prime factors of 771996103?
47, 16425449
List the prime factors of 21607098.
2, 3, 59, 67, 911
What are the prime factors of 63653758?
2, 7, 4546697
List the prime factors of 34313989.
29, 1183241
What are the prime factors of 36521868?
2, 3, 3043489
List the prime factors of 366169945.
5, 37, 101, 19597
What are the prime factors of 130646667?
3, 37, 283, 4159
What are the prime factors of 876382621?
876382621
What are the prime factors of 499912879?
499912879
List the prime factors of 396610083.
3, 4283, 10289
List the prime factors of 46849471.
29, 1615499
List the prime factors of 337602754.
2, 19, 8884283
List the prime factors of 39710051.
39710051
What are the prime factors of 4082776077?
3, 1360925359
List the prime factors of 110434453.
199, 269, 2063
What are the prime factors of 840422499?
3, 7, 40020119
List the prime factors of 76979796.
2, 3, 41, 47, 3329
What are the prime factors of 159945100?
2, 5, 7, 41, 5573
List the prime factors of 14831716.
2, 677, 5477
What are the prime factors of 65474744?
2, 23, 355841
What are the prime factors of 574506693?
3, 63834077
List the prime factors of 137216026.
2, 1697, 40429
List the prime factors of 635767078.
2, 37, 151, 56897
List the prime factors of 76319782.
2, 7, 11, 45053
List the prime factors of 448078545.
3, 5, 41, 211, 1151
What are the prime factors of 240430829?
61, 73, 53993
List the prime factors of 1175743905.
3, 5, 7, 11197561
What are the prime factors of 12316468?
2, 257, 11981
List the prime factors of 79111427.
41, 1277, 1511
What are the prime factors of 698094506?
2, 349047253
What are the prime factors of 728644710?
2, 3, 5, 3539, 6863
What are the prime factors of 1129331674?
2, 31, 61, 298607
What are the prime factors of 71531464?
2, 1951, 4583
What are the prime factors of 400647305?
5, 101, 311, 2551
What are the prime factors of 9043913?
89, 307, 331
List the prime factors of 254007905.
5, 139, 365479
What are the prime factors of 280543595?
5, 1451, 38669
What are the prime factors of 736338092?
2, 7, 3756827
List the prime factors of 256219972.
2, 43, 71, 20981
What are the prime factors of 44516236?
2, 419, 26561
List the prime factors of 45080566.
2, 17, 41, 73, 443
What are the prime factors of 5884274321?
5884274321
What are the prime factors of 44459078?
2, 22229539
What are the prime factors of 95405133?
3, 31801711
List the prime factors of 36490171.
36490171
List the prime factors of 695351700.
2, 3, 5, 31, 24923
What are the prime factors of 608837245?
5, 121767449
List the prime factors of 27231120.
2, 3, 5, 7, 1801
What are the prime factors of 4256876521?
61, 73, 955957
List the prime factors of 180588060.
2, 3, 5, 61, 16447
What are the prime factors of 988972305?
3, 5, 101, 652787
What are the prime factors of 77240975?
5, 7, 47, 9391
What are the prime factors of 61852568?
2, 7731571
List the prime factors of 2264588612.
2, 11, 13, 383, 10337
List the prime factors of 56683852.
2, 37, 382999
What are the prime factors of 1707020265?
3, 5, 4787, 23773
List the prime factors of 143082867.
3, 163, 227, 1289
What are the prime factors of 2277467604?
2, 3, 19, 369959
What are the prime factors of 2016639501?
3, 17, 1471, 26881
What are the prime factors of 222914103?
3, 439, 169259
List the prime factors of 166799477.
13, 12830729
List the prime factors of 229504773.
3, 73, 619, 1693
What are the prime factors of 20044067?
20044067
What are the prime factors of 4023220644?
2, 3, 2969, 12547
List the prime factors of 2765177423.
2765177423
What are the prime factors of 3425136489?
3, 17, 71, 227, 463
What are the prime factors of 3727551078?
2, 3, 5531, 37441
List the prime factors of 880284390.
2, 3, 5, 37, 43, 18443
List the prime factors of 230669855.
5, 13, 17, 199, 1049
List the prime factors of 1119679859.
23, 3163, 15391
What are the prime factors of 91469606?
2, 41, 67, 16649
List the prime factors of 244949102.
2, 19, 37, 83, 2099
List the prime factors of 922281797.
922281797
What are the prime factors of 25457346?
2, 3, 1414297
What are the prime factors of 709020613?
7, 433, 233923
What are the prime factors of 165339196?
2, 11, 3757709
What are the prime factors of 170652405?
3, 5, 7, 11, 71, 2081
What are the prime factors of 645659661?
3, 31, 6942577
What are the prime factors of 6942941362?
2, 7, 495924383
List the prime factors of 1417344088.
2, 23, 41, 187877
What are the prime factors of 39678852?
2, 3, 43, 131, 587
List the prime factors of 390031529.
390031529
What are the prime factors of 545223471?
3, 13, 2713, 5153
What are the prime factors of 528629674?
2, 419, 630823
What are the prime factors of 330879811?
1187, 278753
List the prime factors of 1435387140.
2, 3, 5, 11, 821, 883
List the prime factors of 78431702.
2, 23, 601, 2837
What are the prime factors of 28106849?
109, 257861
List the prime factors of 5024896382.
2, 11, 257, 653, 1361
List the prime factors of 826841452.
2, 206710363
List the prime factors of 711304265.
5, 7, 20322979
What are the prime factors of 1240926507?
3, 45960241
What are the prime factors of 28351322?
2, 491, 28871
What are the prime factors of 134838864?
2, 3, 29, 47, 229
Wha